0?
False
Is 101 a factor of 3636?
True
Does 14 divide 772?
False
Is 50 a factor of 800?
True
Is 19104 a multiple of 16?
True
Is 15662 a multiple of 191?
True
Is 19 a factor of 494?
True
Does 13 divide 93185?
False
Does 17 divide 612?
True
Does 138 divide 414?
True
Is 12 a factor of 540?
True
Is 52252 a multiple of 17?
False
Does 23 divide 115902?
False
Is 14855 a multiple of 25?
False
Is 7416 a multiple of 33?
False
Is 1058 a multiple of 46?
True
Is 3 a factor of 1520?
False
Is 45360 a multiple of 51?
False
Is 31 a factor of 1953?
True
Is 5 a factor of 5805?
True
Is 17102 a multiple of 17?
True
Is 1854 a multiple of 9?
True
Is 56 a factor of 46094?
False
Is 14989 a multiple of 51?
False
Does 223 divide 36126?
True
Is 710 a multiple of 2?
True
Does 30 divide 22729?
False
Is 5 a factor of 105?
True
Is 3 a factor of 5163?
True
Is 55 a factor of 147?
False
Does 218 divide 12208?
True
Does 62 divide 27128?
False
Is 2564 a multiple of 19?
False
Does 32 divide 3635?
False
Does 6 divide 5358?
True
Is 5 a factor of 280?
True
Does 175 divide 18982?
False
Does 124 divide 5995?
False
Does 41 divide 1304?
False
Is 9 a factor of 90?
True
Is 128 a factor of 775?
False
Is 60 a factor of 653?
False
Is 1152 a multiple of 39?
False
Is 44675 a multiple of 25?
True
Is 800 a multiple of 16?
True
Is 35 a factor of 22995?
True
Does 38 divide 66576?
True
Is 572 a multiple of 9?
False
Is 13 a factor of 74897?
False
Is 1819 a multiple of 23?
False
Is 11630 a multiple of 33?
False
Is 1160 a multiple of 8?
True
Is 630 a multiple of 18?
True
Is 18 a factor of 50299?
False
Does 32 divide 320?
True
Is 45 a factor of 35995?
False
Is 22 a factor of 660?
True
Does 29 divide 10146?
False
Does 12 divide 55601?
False
Is 17 a factor of 1681?
False
Does 67 divide 8576?
True
Is 17 a factor of 772?
False
Is 7702 a multiple of 31?
False
Does 42 divide 714?
True
Does 16 divide 9776?
True
Is 1755 a multiple of 5?
True
Is 13 a factor of 273?
True
Is 19 a factor of 21641?
True
Is 1536 a multiple of 6?
True
Is 14 a factor of 210?
True
Does 4 divide 6148?
True
Is 19 a factor of 5418?
False
Does 34 divide 238?
True
Does 46 divide 5014?
True
Is 938 a multiple of 8?
False
Is 7 a factor of 1582?
True
Is 104 a factor of 3069?
False
Is 75 a factor of 450?
True
Does 93 divide 5238?
False
Is 3499 a multiple of 44?
False
Is 576 a multiple of 6?
True
Does 5 divide 2533?
False
Is 40394 a multiple of 19?
True
Is 522 a multiple of 6?
True
Does 76 divide 112?
False
Does 105 divide 5355?
True
Does 40 divide 1160?
True
Is 19 a factor of 27133?
False
Is 236 a factor of 20731?
False
Is 22 a factor of 10252?
True
Is 3 a factor of 119?
False
Is 39 a factor of 741?
True
Does 14 divide 714?
True
Does 5 divide 5532?
False
Is 36 a factor of 1256?
False
Is 4528 a multiple of 8?
True
Is 82 a factor of 24518?
True
Does 4 divide 2488?
True
Does 7 divide 1700?
False
Is 19591 a multiple of 32?
False
Is 236 a multiple of 4?
True
Does 23 divide 276?
True
Does 5 divide 2915?
True
Is 53 a factor of 19192?
False
Is 4163 a multiple of 14?
False
Is 88 a factor of 968?
True
Is 3184 a multiple of 6?
False
Does 67 divide 1020?
False
Is 702 a multiple of 18?
True
Is 27 a factor of 55593?
True
Does 4 divide 258?
False
Is 558 a multiple of 25?
False
Is 87 a factor of 435?
True
Is 166 a factor of 18094?
True
Is 529 a multiple of 23?
True
Does 80 divide 1041?
False
Is 44 a factor of 257?
False
Does 25 divide 2514?
False
Is 557 a multiple of 2?
False
Is 15 a factor of 98874?
False
Is 425 a multiple of 13?
False
Is 7 a factor of 49?
True
Does 46 divide 7498?
True
Is 9 a factor of 99?
True
Does 35 divide 875?
True
Is 17 a factor of 323?
True
Is 27 a factor of 11313?
True
Is 17 a factor of 2737?
True
Is 15 a factor of 15570?
True
Is 21 a factor of 28827?
False
Is 920 a multiple of 101?
False
Is 126 a factor of 410?
False
Is 54 a factor of 52326?
True
Is 67 a factor of 7303?
True
Is 56 a factor of 3475?
False
Is 24 a factor of 2640?
True
Is 264 a multiple of 12?
True
Does 16 divide 1837?
False
Is 104328 a multiple of 14?
True
Is 97 a factor of 2191?
False
Is 44 even?
True
Is 315 a multiple of 45?
True
Is 4 a factor of 5646?
False
Is 49 a factor of 1365?
False
Does 23 divide 6049?
True
Does 11 divide 20471?
True
Does 99 divide 4619?
False
Is 2828 a multiple of 14?
True
Is 108 a multiple of 14?
False
Is 236 a factor of 47908?
True
Is 19 a factor of 1520?
True
Is 77 a factor of 17402?
True
Is 95 a multiple of 43?
False
Is 913 even?
False
Is 60 a factor of 6838?
False
Is 59 a factor of 118?
True
Does 6 divide 4062?
True
Is 749 a multiple of 32?
False
Is 695 a multiple of 8?
False
Does 22 divide 2516?
False
Does 29 divide 327?
False
Is 182 a factor of 18054?
False
Is 5954 a multiple of 22?
False
Is 21 a factor of 472?
False
Is 52166 a multiple of 10?
False
Is 39180 a multiple of 70?
False
Does 37 divide 962?
True
Is 175 a factor of 72511?
False
Is 6084 a multiple of 6?
True
Is 1375 a multiple of 70?
False
Does 44 divide 3256?
True
Is 37 a factor of 8904?
False
Is 2 a factor of 24?
True
Is 4754 a multiple of 165?
False
Does 4 divide 70?
False
Does 37 divide 481?
True
Is 24 a factor of 3759?
False
Is 507 a multiple of 24?
False
Is 8050 a multiple of 50?
True
Is 1382 a multiple of 43?
False
Is 6 a factor of 2022?
True
Is 63 a factor of 2268?
True
Is 531 a multiple of 59?
True
Is 24 a factor of 18898?
False
Is 1848 a multiple of 33?
True
Is 5 a factor of 428?
False
Is 6 a factor of 229?
False
Is 54 a factor of 11932?
False
Is 46 a factor of 552?
True
Is 130 a factor of 10010?
True
Is 29180 a multiple of 17?
False
Is 24 a factor of 1202?
False
Does 131 divide 22401?
True
Does 66 divide 28648?
False
Is 184 a factor of 130379?
False
Does 8 divide 368?
True
Is 79 a factor of 2796?
False
Is 843 a multiple of 38?
False
Is 13 a factor of 728?
True
Does 9 divide 1629?
True
Is 1029 a multiple of 2?
False
Does 74 divide 1184?
True
Does 32 divide 31392?
True
Does 3 divide 184?
False
Is 84 a factor of 21571?
False
Does 7 divide 536?
False
Is 18 a factor of 3886?
False
Does 93 divide 27249?
True
Is 85344 a multiple of 16?
True
Is 4310 a multiple of 120?
False
Does 60 divide 1500?
True
Does 9 divide 16044?
False
Is 29 a factor of 948?
False
Is 21 a factor of 606?
False
Is 3851 a multiple of 75?
False
Is 86692 a multiple of 74?
False
Is 3105 a multiple of 28?
False
Is 2 a factor of 1458?
True
Is 13 a factor of 110?
False
Is 11206 even?
True
Does 36 divide 360?
True
Is 10209 a multiple of 62?
False
Does 15 divide 732?
False
Does 4 divide 172?
True
Does 36 divide 6516?
True
Is 570 a multiple of 10?
True
Does 3 divide 342?
True
Is 7295 a multiple of 155?
False
Is 5544 a multiple of 66?
True
Is 14 a factor of 9157?
False
Does 83 divide 63661?
True
Does 133 divide 49476?
True
Is 11 a factor of 496?
False
Does 34 divide 389?
False
Is 3058 a multiple of 67?
False
Does 153 divide 43299?
True
Is 2987 a multiple of 95?
False
Is 54082 a multiple of 14?
True
Is 1026 a multiple of 2?
True
Is 110803 a multiple of 14?
False
Is 16 a factor of 8480?
True
Is 881 a multiple of 63?
False
Is 318 a multiple of 4?
False
Is 1002 a multiple of 19?
False
Is 3 a factor of 1056?
True
Is 77 a factor of 2926?
True
Is 7546 a multiple of 22?
True
Does 35 divide 980?
True
Does 8 divide 4904?
True
Does 37 divide 21830?
True
Is 99129 a multiple of 173?
True
Does 24 divide 5184?
True
Is 1524 a multiple of 26?
False
Does 9 divide 18909?
True
Is 49 a factor of 35824?
False
Is 54 a multiple of 9?
True
Does 12 divide 255?
False
Does 95 divide 14060?
True
Is 63 a factor of 1971?
False
Does 48 divide 3582?
False
Does 158 divide 17539?
False
Is 9614 a multiple of 46?
True
Is 3 a factor of 120?
True
Is 18 a factor of 46080?
True
Is 17 a factor of 1604?
False
Does 19 divide 9352?
False
Is 3978 a multiple of 25?
False
Does 24 divide 550?
False
Does 259 divide 45650?
False
Is 528 a multiple of 11?
True
Is 9971 a multiple of 13?
True
Is 24 a factor of 1200?
True
Is 2949 a multiple of 67?
False
Is 1147 a multiple of 11?
False
Is 9295 a multiple of 65?
True
Is 285 a factor of 20805?
True
Is 25 a factor of 175?
True
Is 2284 a multiple of 100?
False
Is 38 a factor of 9158?
True
Does 93 divide 18454?
False
Is 9 a factor of 360?
True
Is 11 a factor of 643?
False
Does 9 divide 1242?
True
Is 4 a factor of 200?
Tru